7*k + 8. Let v be g(-5). List the prime factors of j(v).
2
List the prime factors of (-64)/10 + 7 + (-8484)/(-10).
3, 283
List the prime factors of ((27 - 6) + -18)*3358/2.
3, 23, 73
Let k(h) = h**3 + 11*h**2 + 8*h + 11. Let b be k(-8). Suppose -5*u + 230 = 5*s, -3*s = -3*u - 7*s + b. List the prime factors of u.
3, 5
What are the prime factors of (-36632)/(-14) + (3 - (-375)/(-105))?
2, 3, 109
Suppose 15 + 4 = -p. Let h = p + 29. What are the prime factors of 25/h*(-92)/(-10)?
23
Let o = -11 - -17. Let h be 14*((-3)/o + 1). Suppose -3 = -2*r + h. List the prime factors of r.
5
Let j(c) = -c**3 - 9*c**2 - 8*c + 4. Let m be j(-8). Suppose 0*i + 3*s = 5*i + 2, 3*s - 22 = -5*i. Suppose -i*n + m = -0*n. List the prime factors of n.
2
Suppose -1 = 5*x - 26. Suppose 4*m - 76 = x*v, -m + 4*v + 32 = m. List the prime factors of m.
2, 3
Suppose -987 = -2*w - g, 5*g - 2375 = -4*w - 404. List the prime factors of w.
2, 13, 19
Let i = -320 - -372. What are the prime factors of i?
2, 13
Suppose 0 = 5*j - 32 - 8. List the prime factors of -1 + -3 + j + 24.
2, 7
Suppose 9*l - 1221 = 6*l. What are the prime factors of l?
11, 37
Let v(w) = w**3 - 5*w**2 - 5*w - 3. Let o be v(6). Suppose 0*z = 3*k - 4*z - 249, 4*k + o*z = 307. List the prime factors of k.
79
Let g(s) = 36*s**3 + 6*s**2 - 21*s + 18. What are the prime factors of g(3)?
3, 109
Suppose -2*n + 2*g - 3*g - 3 = 0, n + 5*g = -6. Let h be (n + -6 - -2) + -1. List the prime factors of (-8)/h*(-312)/(-16).
2, 13
Let t(p) = -2*p + 4. Let b be t(-3). Suppose 2*o + 4*d - 1 = 3, 3*d = 3*o - 6. Suppose -x = -o*x + b. List the prime factors of x.
2, 5
Let f(x) = -69*x - 29. List the prime factors of f(-17).
2, 11, 13
Let f be (160/25)/(((-16)/(-290))/4). Suppose 3*x - c - 31 = 319, 2*c + f = 4*x. What are the prime factors of x?
2, 59
Suppose -3*v - 10 = -22. Suppose -v*m + 3*m = -66. List the prime factors of m.
2, 3, 11
Let k(t) = -t**3 + 18*t**2 - 17*t + 4. Let q be k(17). Suppose -3*f + 233 = -5*a, -159 = q*a - a + 3*f. Let u = -39 - a. List the prime factors of u.
2, 5
Suppose -6 + 4 = -g. Suppose 5*k - 160 = -3*c, 94 = 2*c - g*k - k. List the prime factors of c.
2, 5
Let a(g) = -2*g + 14. Let v be a(7). Suppose v = 3*p + p. Suppose 3*m - 72 + 9 = p. List the prime factors of m.
3, 7
Let w(j) = -4 + j**2 + 14 - 14*j + 3 + 6*j. Suppose 0 = -5*z + 50. What are the prime factors of w(z)?
3, 11
Suppose 0 = -o + 2*j + 6, -4*o + 51 = o - 3*j. Let k = o + -7. List the prime factors of k.
5
Let l(c) = 21*c + 8. What are the prime factors of l(20)?
2, 107
Let h = 17 + 0. Let s = h + -7. List the prime factors of 86/s + 4/10.
3
Suppose -7752 = 161*g - 167*g. What are the prime factors of g?
2, 17, 19
Let k be 63/(-28)*(-8)/6. Suppose -5*c = -k*c. What are the prime factors of c - (3 + -3) - -3?
3
Suppose -124*k - 4*h = -122*k - 3780, -3*k + 2*h + 5702 = 0. List the prime factors of k.
2, 13, 73
Let f(l) = 10 + 13 + 6*l**2 - 21 + 3*l. Let x = -15 - -12. List the prime factors of f(x).
47
List the prime factors of ((-1289)/7)/((-75)/1050).
2, 1289
Suppose 1783 = 5*r - 4*i, 40 + 1052 = 3*r + 5*i. What are the prime factors of r?
359
Let d(r) = r**3 + 10*r**2 + 8*r + 12. Suppose -7*m + 5*m = 16. Let i be d(m). Suppose -s - 3*a + 74 = 0, -3*s + 4*s - i = -2*a. What are the prime factors of s?
2, 5
Let f be (-574)/((-2)/(-4)*(-1 + -3)). Let l = f + -195. List the prime factors of l.
2, 23
List the prime factors of (-18 - -20) + 5*342 + 2.
2, 857
Let n = 1 + -2. Let r(x) be the first derivative of -37*x**4/4 - x**3/3 + x**2/2 + x - 19. What are the prime factors of r(n)?
2, 3
Let a = 1026 - 1000. What are the prime factors of a?
2, 13
Suppose 3*m + 2*m = 520. Suppose 0 = -x - 27 + m. List the prime factors of x.
7, 11
Let u(y) be the third derivative of y**5/60 - y**4/12 + y**2. Let o(n) = n**3 - 4*n**2 + 4*n + 3. Let d be o(3). List the prime factors of u(d).
2, 3
Let h be (-144)/(-30)*(-65)/2. Let b = 241 + h. What are the prime factors of b?
5, 17
Suppose -6*z + 2*z = -4*p + 1632, 1256 = 3*p + 5*z. What are the prime factors of p?
2, 103
Let d(g) be the first derivative of g**3/3 - 3*g**2 + 5*g + 9. What are the prime factors of d(6)?
5
Let n(b) = b**2 - 3*b - 7. Let z be (13 - 3)*((-1)/(-2) - 1). List the prime factors of n(z).
3, 11
Let r(d) = -89*d + 593. What are the prime factors of r(-40)?
4153
List the prime factors of 5 + (-11204)/(-36) - (-4)/(-18).
2, 79
Suppose 11*n - 114 = 8*n. Let a = n + 25. What are the prime factors of a?
3, 7
Let l(a) = -a - 5. Let z be l(-6). Let o = z - -3. Suppose 2*t + 0*q - 42 = q, -4*t - o*q = -72. List the prime factors of t.
2, 5
Let r be (-1 + -9)/((-8)/(-216)). Let n = -109 - r. What are the prime factors of n?
7, 23
Let u be ((-1)/2)/((-3)/30). Suppose -u*c + 0*c = -15. List the prime factors of -3 + 1 + c + 21.
2, 11
Let m(x) = -x**2 - x + 32. Let r be m(5). List the prime factors of (25/(-15))/(r/(-6)).
5
Let x(k) = k**2 - 8*k + 5. Let f(b) = -b - 1. Let j(o) = 2*f(o) + x(o). Let d be j(9). What are the prime factors of (7/(-2) + 2)*d?
3
Suppose -5*b + 2*b + 5 = -f, 0 = -4*b + 2*f + 4. Suppose o - 5*x + 16 = 0, b*o + 35 = 2*x - 0*x. Let y = 15 + o. List the prime factors of y.
2
Let b = 29 + -25. Suppose b*d = -5*l + 132, -4*d + 2*l = -0*d - 104. List the prime factors of d.
2, 7
Let u(j) = 7*j**2 - 2*j + 67. List the prime factors of u(8).
499
Let d(i) = -2 + i - 61 - 3. Let b be d(0). List the prime factors of 48/(-18)*b/4.
2, 11
Let p be (-12)/(-3) - (2 - -4). List the prime factors of (-189)/(-28)*(66/9 + p).
2, 3
Let a be ((-39)/4)/(-13)*(-8)/(-2). What are the prime factors of (2 - (-1514)/8) + a/4?
2, 3
Let j(u) = 17*u + 24. Let l(q) = -16*q - 25. Let o(i) = 4*j(i) + 5*l(i). List the prime factors of o(-13).
127
Suppose -1158 = 41*r - 44*r. What are the prime factors of r?
2, 193
Suppose -25*j - 3174 = -5*p - 22*j, 3*p - 2*j - 1904 = 0. What are the prime factors of p?
2, 3, 53
Suppose -3*n = -4*m + 5, -2*n + 3*m + 3 = 7. Suppose -19 = -6*y - n. Suppose 0*z = -y*z + 99. List the prime factors of z.
3, 11
Let x(z) = z**3 - 8*z**2 + 3*z - 19. Let n be x(8). Suppose -235 - n = -v. List the prime factors of v.
2, 3, 5
Let w be (-12)/66 + 42/(-11). Let d = -11 + w. What are the prime factors of 160/6 - (-10)/d?
2, 13
Suppose 238 = -24*x + 31*x. What are the prime factors of x?
2, 17
Let v be (-3 - 0) + (54 - -7). Let l = 17 + v. List the prime factors of l.
3, 5
Suppose -6*d + 16236 = 16*d. List the prime factors of d.
2, 3, 41
Let m be 4 + -2 - (-2 + 2). Let w be (-9)/3 + m + -70. List the prime factors of (-6)/(-18) + w/(-3).
2, 3
Let r(i) = -i**2 - 27*i + 139. What are the prime factors of r(-23)?
3, 7, 11
Let r(a) = 85*a - 1. Suppose -k - 3*k = 4*p - 12, -k = -2*p. Let q be r(p). Suppose q = -0*y + 4*y. What are the prime factors of y?
3, 7
Let s(a) be the third derivative of -a**5/40 - 5*a**4/12 + a**3/2 - 2*a**2. Let h(p) be the first derivative of s(p). What are the prime factors of h(-4)?
2
Suppose -3 = -3*y - 0*s + 3*s, 2*y + 2*s + 2 = 0. Let b be (y - 2)/((-6)/9). Suppose -2*j - 3*w = -7, -2*j + 13 = -0*w - b*w. What are the prime factors of j?
5
Suppose -2*m = -6*m + 852. Suppose 5*b - 8*b + m = 0. List the prime factors of b.
71
Suppose -7*r = -25627 + 945. What are the prime factors of r?
2, 41, 43
Let m(s) = 22*s**2 + 12 - 9*s**2 - s**3 + 4 + 13*s. Let h be m(14). List the prime factors of (h/3*-57)/(-2).
19
Suppose 4*q - 176*z + 173*z - 9266 = 0, 0 = -4*q + 4*z + 9264. What are the prime factors of q?
2, 19, 61
Suppose 51*s - 17*s = 12818. List the prime factors of s.
13, 29
Let f(r) be the second derivative of 7*r**3/3 + 47*r**2/2 - 2*r - 18. What are the prime factors of f(6)?
131
Let q = -287 - -426. What are the prime factors of q?
139
Let i be ((-78)/15)/((-8)/20). Let q = i + 54. What are the prime factors of q?
67
Suppose b = 7*b - b. Suppose 0*r - r + 83 = b. What are the prime factors of r?
83
Let t(i) = -13*i**2 + 16*i + 2. Let x(h) = 4*h**2 - 5*h - 1. Suppose -5*o = -20, o = d + 5*o - 18. Let p(m) = d*t(m) + 7*x(m). List the prime factors of p(3).
2, 3
Suppose 0 = 7*n - 2*n + 15, 5*d + 4*n + 7 = 0. Let o = d - -4. Suppose -o*a = -7*x + 3*x + 123, 3*x - 4*a = 91. List the prime factors of x.
37
Let b be (-180)/(-50) + 0 + (-4)/(-10). Suppose 